{"id":4549,"date":"2024-05-27T18:08:43","date_gmt":"2024-05-27T18:08:43","guid":{"rendered":"https:\/\/hydrogeo.com.pe\/web\/?page_id=4549"},"modified":"2024-06-03T16:11:20","modified_gmt":"2024-06-03T16:11:20","slug":"profesionales","status":"publish","type":"page","link":"https:\/\/hydrogeo.com.pe\/web\/profesionales\/","title":{"rendered":"Profesionales"},"content":{"rendered":"\t\t<div data-elementor-type=\"wp-page\" data-elementor-id=\"4549\" class=\"elementor elementor-4549\" data-elementor-post-type=\"page\">\n\t\t\t\t\t\t<section data-particle_enable=\"false\" data-particle-mobile-disabled=\"false\" class=\"elementor-section elementor-top-section elementor-element elementor-element-cc686a5 elementor-section-full_width elementor-section-height-default elementor-section-height-default\" data-id=\"cc686a5\" data-element_type=\"section\" data-e-type=\"section\" data-settings=\"{&quot;background_background&quot;:&quot;classic&quot;}\">\n\t\t\t\t\t\t\t<div class=\"elementor-background-overlay\"><\/div>\n\t\t\t\t\t\t\t<div class=\"elementor-container elementor-column-gap-default\">\n\t\t\t\t\t<div class=\"elementor-column elementor-col-100 elementor-top-column elementor-element elementor-element-17bae9f animated-slow elementor-invisible\" data-id=\"17bae9f\" data-element_type=\"column\" data-e-type=\"column\" data-settings=\"{&quot;animation&quot;:&quot;fadeIn&quot;}\">\n\t\t\t<div class=\"elementor-widget-wrap elementor-element-populated\">\n\t\t\t\t\t\t<div class=\"elementor-element elementor-element-2dee0f3 elementor-widget elementor-widget-heading\" data-id=\"2dee0f3\" data-element_type=\"widget\" data-e-type=\"widget\" data-widget_type=\"heading.default\">\n\t\t\t\t<div class=\"elementor-widget-container\">\n\t\t\t\t\t<h1 class=\"elementor-heading-title elementor-size-default\">PROFESIONALES<\/h1>\t\t\t\t<\/div>\n\t\t\t\t<\/div>\n\t\t\t\t\t<\/div>\n\t\t<\/div>\n\t\t\t\t\t<\/div>\n\t\t<\/section>\n\t\t\t\t<section data-particle_enable=\"false\" data-particle-mobile-disabled=\"false\" class=\"elementor-section elementor-top-section elementor-element elementor-element-309c9a0 elementor-section-boxed elementor-section-height-default elementor-section-height-default\" data-id=\"309c9a0\" data-element_type=\"section\" data-e-type=\"section\">\n\t\t\t\t\t\t<div class=\"elementor-container elementor-column-gap-default\">\n\t\t\t\t\t<div class=\"elementor-column elementor-col-100 elementor-top-column elementor-element elementor-element-720ad5b\" data-id=\"720ad5b\" data-element_type=\"column\" data-e-type=\"column\">\n\t\t\t<div class=\"elementor-widget-wrap elementor-element-populated\">\n\t\t\t\t\t\t<section data-particle_enable=\"false\" data-particle-mobile-disabled=\"false\" class=\"elementor-section elementor-inner-section elementor-element elementor-element-a6df973 elementor-section-boxed elementor-section-height-default elementor-section-height-default\" data-id=\"a6df973\" data-element_type=\"section\" data-e-type=\"section\">\n\t\t\t\t\t\t<div class=\"elementor-container elementor-column-gap-default\">\n\t\t\t\t\t<div class=\"elementor-column elementor-col-50 elementor-inner-column elementor-element elementor-element-4a877ae elementor-invisible\" data-id=\"4a877ae\" data-element_type=\"column\" data-e-type=\"column\" data-settings=\"{&quot;animation&quot;:&quot;fadeIn&quot;}\">\n\t\t\t<div class=\"elementor-widget-wrap elementor-element-populated\">\n\t\t\t\t\t\t<div class=\"elementor-element elementor-element-c1df756 elementor-widget elementor-widget-heading\" data-id=\"c1df756\" data-element_type=\"widget\" data-e-type=\"widget\" data-widget_type=\"heading.default\">\n\t\t\t\t<div class=\"elementor-widget-container\">\n\t\t\t\t\t<h2 class=\"elementor-heading-title elementor-size-default\">Luis Miguel Ram\u00edrez<\/h2>\t\t\t\t<\/div>\n\t\t\t\t<\/div>\n\t\t\t\t<div class=\"elementor-element elementor-element-e86240f elementor-widget elementor-widget-text-editor\" data-id=\"e86240f\" data-element_type=\"widget\" data-e-type=\"widget\" data-widget_type=\"text-editor.default\">\n\t\t\t\t<div class=\"elementor-widget-container\">\n\t\t\t\t\t\t\t\t\t<p><strong>Ge\u00f3grafo egresado de la Universidad Nacional Federico Villarreal, tiene m\u00e1s de 10 a\u00f1os de experiencia en trabajos hidrogeol\u00f3gicos para minas subterr\u00e1neas y de tajo abierto.<\/strong> Su labor incluye inventarios de fuentes de agua, colecci\u00f3n de muestras de agua, supervisi\u00f3n de perforaciones diamantinas, pruebas hidr\u00e1ulicas e supervisi\u00f3n en instalaci\u00f3n de piez\u00f3metros. <strong>Especializado en hidrometr\u00eda<\/strong>; aforos en r\u00edos y fuentes de agua superficiales. <strong>Experiencia<\/strong> en levantamientos fotogram\u00e9tricos, topogr\u00e1ficos y batim\u00e9tricos en lagunas, r\u00edos y dep\u00f3sitos de relaves.<\/p>\t\t\t\t\t\t\t\t<\/div>\n\t\t\t\t<\/div>\n\t\t\t\t\t<\/div>\n\t\t<\/div>\n\t\t\t\t<div class=\"elementor-column elementor-col-50 elementor-inner-column elementor-element elementor-element-7fca338 elementor-invisible\" data-id=\"7fca338\" data-element_type=\"column\" data-e-type=\"column\" data-settings=\"{&quot;animation&quot;:&quot;fadeInRight&quot;}\">\n\t\t\t<div class=\"elementor-widget-wrap elementor-element-populated\">\n\t\t\t\t\t\t<div class=\"elementor-element elementor-element-20fb1a1 elementor-widget elementor-widget-image\" data-id=\"20fb1a1\" data-element_type=\"widget\" data-e-type=\"widget\" data-widget_type=\"image.default\">\n\t\t\t\t<div class=\"elementor-widget-container\">\n\t\t\t\t\t\t\t\t\t\t\t\t\t\t\t<img fetchpriority=\"high\" decoding=\"async\" width=\"509\" height=\"624\" src=\"https:\/\/hydrogeo.com.pe\/web\/wp-content\/uploads\/2024\/05\/Ramirez-min.jpg\" class=\"attachment-large size-large wp-image-4629\" alt=\"\" srcset=\"https:\/\/hydrogeo.com.pe\/web\/wp-content\/uploads\/2024\/05\/Ramirez-min.jpg 509w, https:\/\/hydrogeo.com.pe\/web\/wp-content\/uploads\/2024\/05\/Ramirez-min-245x300.jpg 245w, https:\/\/hydrogeo.com.pe\/web\/wp-content\/uploads\/2024\/05\/Ramirez-min-10x12.jpg 10w\" sizes=\"(max-width: 509px) 100vw, 509px\" \/>\t\t\t\t\t\t\t\t\t\t\t\t\t\t\t<\/div>\n\t\t\t\t<\/div>\n\t\t\t\t\t<\/div>\n\t\t<\/div>\n\t\t\t\t\t<\/div>\n\t\t<\/section>\n\t\t\t\t\t<\/div>\n\t\t<\/div>\n\t\t\t\t\t<\/div>\n\t\t<\/section>\n\t\t\t\t<section data-particle_enable=\"false\" data-particle-mobile-disabled=\"false\" class=\"elementor-section elementor-top-section elementor-element elementor-element-1df042f elementor-section-boxed elementor-section-height-default elementor-section-height-default\" data-id=\"1df042f\" data-element_type=\"section\" data-e-type=\"section\">\n\t\t\t\t\t\t<div class=\"elementor-container elementor-column-gap-default\">\n\t\t\t\t\t<div class=\"elementor-column elementor-col-100 elementor-top-column elementor-element elementor-element-133e2b6\" data-id=\"133e2b6\" data-element_type=\"column\" data-e-type=\"column\">\n\t\t\t<div class=\"elementor-widget-wrap elementor-element-populated\">\n\t\t\t\t\t\t<section data-particle_enable=\"false\" data-particle-mobile-disabled=\"false\" class=\"elementor-section elementor-inner-section elementor-element elementor-element-e10b0fd elementor-section-boxed elementor-section-height-default elementor-section-height-default\" data-id=\"e10b0fd\" data-element_type=\"section\" data-e-type=\"section\">\n\t\t\t\t\t\t<div class=\"elementor-container elementor-column-gap-default\">\n\t\t\t\t\t<div class=\"elementor-column elementor-col-50 elementor-inner-column elementor-element elementor-element-5deb3b5 elementor-invisible\" data-id=\"5deb3b5\" data-element_type=\"column\" data-e-type=\"column\" data-settings=\"{&quot;animation&quot;:&quot;fadeIn&quot;}\">\n\t\t\t<div class=\"elementor-widget-wrap elementor-element-populated\">\n\t\t\t\t\t\t<div class=\"elementor-element elementor-element-60e3b3b elementor-widget elementor-widget-heading\" data-id=\"60e3b3b\" data-element_type=\"widget\" data-e-type=\"widget\" data-widget_type=\"heading.default\">\n\t\t\t\t<div class=\"elementor-widget-container\">\n\t\t\t\t\t<h2 class=\"elementor-heading-title elementor-size-default\">Margareth Acu\u00f1a Gonzales<\/h2>\t\t\t\t<\/div>\n\t\t\t\t<\/div>\n\t\t\t\t<div class=\"elementor-element elementor-element-c218025 elementor-widget elementor-widget-heading\" data-id=\"c218025\" data-element_type=\"widget\" data-e-type=\"widget\" data-widget_type=\"heading.default\">\n\t\t\t\t<div class=\"elementor-widget-container\">\n\t\t\t\t\t<h4 class=\"elementor-heading-title elementor-size-default\">L\u00edder de Hidrogeolog\u00eda<\/h4>\t\t\t\t<\/div>\n\t\t\t\t<\/div>\n\t\t\t\t<div class=\"elementor-element elementor-element-88e3c16 elementor-widget elementor-widget-text-editor\" data-id=\"88e3c16\" data-element_type=\"widget\" data-e-type=\"widget\" data-widget_type=\"text-editor.default\">\n\t\t\t\t<div class=\"elementor-widget-container\">\n\t\t\t\t\t\t\t\t\t<p><strong>Ingeniera Ge\u00f3loga<\/strong> cuenta con estudios de especializaci\u00f3n en Aguas Subterr\u00e1neas y una amplia experiencia en proyectos de caracterizaci\u00f3n hidrogeol\u00f3gica y cierre de minas. <strong>Su experiencia abarca trabajos de campo y gabinete<\/strong>, incluyendo mapeo geol\u00f3gico e hidrogeol\u00f3gico, supervisi\u00f3n de programas de perforaci\u00f3n, ejecuci\u00f3n de pruebas de bombeo y an\u00e1lisis e interpretaci\u00f3n de datos. Adem\u00e1s, destaca en trabajos relacionados con la calidad del agua, el desarrollo de modelos conceptuales y metodolog\u00edas para la evaluaci\u00f3n de la vulnerabilidad de acu\u00edferos.<\/p>\t\t\t\t\t\t\t\t<\/div>\n\t\t\t\t<\/div>\n\t\t\t\t\t<\/div>\n\t\t<\/div>\n\t\t\t\t<div class=\"elementor-column elementor-col-50 elementor-inner-column elementor-element elementor-element-9caa8ce elementor-invisible\" data-id=\"9caa8ce\" data-element_type=\"column\" data-e-type=\"column\" data-settings=\"{&quot;animation&quot;:&quot;fadeInRight&quot;}\">\n\t\t\t<div class=\"elementor-widget-wrap elementor-element-populated\">\n\t\t\t\t\t\t<div class=\"elementor-element elementor-element-bf52ab5 elementor-widget elementor-widget-image\" data-id=\"bf52ab5\" data-element_type=\"widget\" data-e-type=\"widget\" data-widget_type=\"image.default\">\n\t\t\t\t<div class=\"elementor-widget-container\">\n\t\t\t\t\t\t\t\t\t\t\t\t\t\t\t<img decoding=\"async\" width=\"509\" height=\"624\" src=\"https:\/\/hydrogeo.com.pe\/web\/wp-content\/uploads\/2024\/06\/margareth.jpg\" class=\"attachment-large size-large wp-image-4672\" alt=\"\" srcset=\"https:\/\/hydrogeo.com.pe\/web\/wp-content\/uploads\/2024\/06\/margareth.jpg 509w, https:\/\/hydrogeo.com.pe\/web\/wp-content\/uploads\/2024\/06\/margareth-245x300.jpg 245w, https:\/\/hydrogeo.com.pe\/web\/wp-content\/uploads\/2024\/06\/margareth-10x12.jpg 10w\" sizes=\"(max-width: 509px) 100vw, 509px\" \/>\t\t\t\t\t\t\t\t\t\t\t\t\t\t\t<\/div>\n\t\t\t\t<\/div>\n\t\t\t\t\t<\/div>\n\t\t<\/div>\n\t\t\t\t\t<\/div>\n\t\t<\/section>\n\t\t\t\t\t<\/div>\n\t\t<\/div>\n\t\t\t\t\t<\/div>\n\t\t<\/section>\n\t\t\t\t<\/div>\n\t\t","protected":false},"excerpt":{"rendered":"<p>PROFESIONALES Luis Miguel Ram\u00edrez Ge\u00f3grafo egresado de la Universidad Nacional Federico Villarreal, tiene m\u00e1s de 10 a\u00f1os de experiencia en trabajos hidrogeol\u00f3gicos para minas subterr\u00e1neas y de tajo abierto. Su labor incluye inventarios de fuentes de agua, colecci\u00f3n de muestras de agua, supervisi\u00f3n de perforaciones diamantinas, pruebas hidr\u00e1ulicas e supervisi\u00f3n en instalaci\u00f3n de piez\u00f3metros. Especializado [&hellip;]<\/p>\n","protected":false},"author":1,"featured_media":0,"parent":0,"menu_order":0,"comment_status":"closed","ping_status":"closed","template":"","meta":{"footnotes":""},"class_list":["post-4549","page","type-page","status-publish","hentry"],"_links":{"self":[{"href":"https:\/\/hydrogeo.com.pe\/web\/wp-json\/wp\/v2\/pages\/4549","targetHints":{"allow":["GET"]}}],"collection":[{"href":"https:\/\/hydrogeo.com.pe\/web\/wp-json\/wp\/v2\/pages"}],"about":[{"href":"https:\/\/hydrogeo.com.pe\/web\/wp-json\/wp\/v2\/types\/page"}],"author":[{"embeddable":true,"href":"https:\/\/hydrogeo.com.pe\/web\/wp-json\/wp\/v2\/users\/1"}],"replies":[{"embeddable":true,"href":"https:\/\/hydrogeo.com.pe\/web\/wp-json\/wp\/v2\/comments?post=4549"}],"version-history":[{"count":0,"href":"https:\/\/hydrogeo.com.pe\/web\/wp-json\/wp\/v2\/pages\/4549\/revisions"}],"wp:attachment":[{"href":"https:\/\/hydrogeo.com.pe\/web\/wp-json\/wp\/v2\/media?parent=4549"}],"curies":[{"name":"wp","href":"https:\/\/api.w.org\/{rel}","templated":true}]}}